{"id":8183,"date":"2022-11-05T09:00:00","date_gmt":"2022-11-04T20:00:00","guid":{"rendered":"https:\/\/grape-to-glass.com\/?page_id=8183"},"modified":"2024-01-11T15:22:28","modified_gmt":"2024-01-11T02:22:28","slug":"chateau-routas-rose-21","status":"publish","type":"page","link":"https:\/\/grape-to-glass.com\/index.php\/chateau-routas-rose-21\/","title":{"rendered":"&#8230;quintessential Proven\u00e7al Ros\u00e9"},"content":{"rendered":"\n\t<h3>Ch\u00e2teau Routas Rouvi\u00e8re Ros\u00e9 2021<\/h3>\n<strong>Grape Varietals:<\/strong> 46% Cinsault, 30% Grenache, 15% Syrah &#038; 9% Cabernet Sauvignon  <br \/>\n<strong>Growing Region:<\/strong> C\u00f4teaux Varois en Provence &#8211; France <br \/>\n<strong>Chief Winemaker:<\/strong> Jean-Louis Bavay  &#8211; *(Retired Dec. 2021)  <br \/>\n<strong>Head Winemaker: <\/strong> Fabrice Grossmann\n\t\t\t\t<img loading=\"lazy\" decoding=\"async\" src=\"https:\/\/grape-to-glass.com\/wp-content\/uploads\/2022\/04\/GAVIN-Wine-Review-4-Stars-2022-01.png\" alt=\"GAVIN-Wine-Review-4-Stars-2022-01\" itemprop=\"image\" height=\"220\" width=\"220\" title=\"GAVIN-Wine-Review-4-Stars-2022-01\"  \/>\n\tIn July 2022, I was able to get back to the winery and spend time with Fabrice in the winery, plus taste this 2021 cuv\u00e9e before bottling. Fabrice follows on from Jean-Louis who was with Ch\u00e2teau Routas for three decades. Even though the 2021 growing season was a challenge for all, 2022 is a special year for Ch\u00e2teau Routas as the winery celebrates 30 years.<br \/>\nIt is such a pleasure spending time at Ch\u00e2teau Routas, the location and setting is simply stunning, situated at the center of the C\u00f4teaux Varois in Provence. Located around halfway from the French Riviera on the Mediterranean coast and the foothills of the southern Alps and midway between Marseille and Cannes. Ch\u00e2teau Routas has a number of vineyards sites, with some among the region&#8217;s highest, providing cool nights which slows the ripening of the grapes, contributing complexity and shaping harvest times that can be up to a month later than those nearby.<br \/>\nThe fruit for this ros\u00e9 came from several plots across the estate, selected for the quality they can give to this quintessential cuv\u00e9e. As each parcel was destemmed, cooled as required and pressed. The juice remained on skins for between 12-24 hours in total. After this brief maceration, all of the Syrah and half of the Grenache go straight to neutral oak barrels for primary and malolactic fermentation. The Cinsault, remaining Grenache and Cabernet juice are fermented in stainless steel tanks, with no malolactic fermentation. The different parcels were aged separately for around 5 months, then carefully blended and rested. \n<strong>\u2605 <\/strong>In your glass you will be greeted by the classic onion skin, pale pink coral colour, with a tinge of setting sun orange. On the nose delicate aromas of chilled watermelon, lavender and citrus. These characters softly land on the elegant palate, casually showcasing the flavours of watermelon, pink grapefruit, peach skin along with strawberries and a signature mineral seam. The silky mouthfeel is appealing with its subtle textural charm and balanced by natural crisp fruit acidity, resulting in a refreshing classic dry finish. \nThis 2021 Ch\u00e2teau Routas Rouvi\u00e8re Ros\u00e9 has 13% Alc.\/vol. Classic dry style with less than 4g\/L residual sugar. Chill gently and serve in an aromatic shaped wine glass at 8\u00b0- 10\u00b0C.  *NZ$29.99\n <em>Ch\u00e2teau Routas &#8211; the quintessential Proven\u00e7al Ros\u00e9.<\/em>\n<p> <\/p>\n\nCELLARING POTENTIAL:  *(Review 4\/11\/22) <br \/>\nDrinking perfectly well this season; and will hold nicely for another 12 &#8211; 18 months.<br \/>\n<br \/>\nFOOD PAIRING SUGGESTIONS:<br \/>\n Perfect wine pairing with sushi &#038; sashimi, scallops, prawns, salmon gravlax, mussels, tuna skewers, plus with a range of lightly seasoned summer salads and with a slice of watermelon &#8211; <em>enjoy<\/em>.\n<em>Always drink responsibly.<\/em>\n<p> <\/p>\n\t\t\t\t<img loading=\"lazy\" decoding=\"async\" src=\"https:\/\/grape-to-glass.com\/wp-content\/uploads\/2022\/11\/Routas-Winemaker-22-01.jpg\" alt=\"Routas-Winemaker-22-01\" itemprop=\"image\" height=\"450\" width=\"1000\" title=\"Routas-Winemaker-22-01\"  \/>\n\t\t\t\t<a href=\"https:\/\/grape-to-glass.com\/wp-content\/uploads\/2022\/11\/Chateau-Routas-Rose-2021.pdf\" target=\"_blank\" rel=\"noopener\" itemprop=\"url\">\n\t\t\t\t<img loading=\"lazy\" decoding=\"async\" src=\"https:\/\/grape-to-glass.com\/wp-content\/uploads\/2021\/09\/TASTING-PDF-Icon-Clear-001.png\" alt=\"TASTING-PDF-Icon-Clear-001\" itemprop=\"image\" height=\"71\" width=\"280\" title=\"TASTING-PDF-Icon-Clear-001\"  \/>\n\t\t\t\t<\/a>\n\t\t<h3>more wine reviews<\/h3>\n\t\t\t<a href=\"https:\/\/grape-to-glass.com\/index.php\/recent-wine-articles\/\" target=\"_self\" role=\"button\" rel=\"noopener\">\n\t\t\t<\/a>\n","protected":false},"excerpt":{"rendered":"","protected":false},"author":1,"featured_media":8175,"parent":0,"menu_order":0,"comment_status":"closed","ping_status":"closed","template":"","meta":{"footnotes":""},"class_list":["post-8183","page","type-page","status-publish","has-post-thumbnail","hentry","entry"],"_links":{"self":[{"href":"https:\/\/grape-to-glass.com\/index.php\/wp-json\/wp\/v2\/pages\/8183","targetHints":{"allow":["GET"]}}],"collection":[{"href":"https:\/\/grape-to-glass.com\/index.php\/wp-json\/wp\/v2\/pages"}],"about":[{"href":"https:\/\/grape-to-glass.com\/index.php\/wp-json\/wp\/v2\/types\/page"}],"author":[{"embeddable":true,"href":"https:\/\/grape-to-glass.com\/index.php\/wp-json\/wp\/v2\/users\/1"}],"replies":[{"embeddable":true,"href":"https:\/\/grape-to-glass.com\/index.php\/wp-json\/wp\/v2\/comments?post=8183"}],"version-history":[{"count":8,"href":"https:\/\/grape-to-glass.com\/index.php\/wp-json\/wp\/v2\/pages\/8183\/revisions"}],"predecessor-version":[{"id":10062,"href":"https:\/\/grape-to-glass.com\/index.php\/wp-json\/wp\/v2\/pages\/8183\/revisions\/10062"}],"wp:featuredmedia":[{"embeddable":true,"href":"https:\/\/grape-to-glass.com\/index.php\/wp-json\/wp\/v2\/media\/8175"}],"wp:attachment":[{"href":"https:\/\/grape-to-glass.com\/index.php\/wp-json\/wp\/v2\/media?parent=8183"}],"curies":[{"name":"wp","href":"https:\/\/api.w.org\/{rel}","templated":true}]}}