{"id":773,"date":"2019-06-16T21:00:00","date_gmt":"2019-06-16T21:00:00","guid":{"rendered":"https:\/\/grape-to-glass.com\/?page_id=773"},"modified":"2025-06-24T01:19:58","modified_gmt":"2025-06-23T13:19:58","slug":"eisch-sensis-plus-stemware","status":"publish","type":"page","link":"https:\/\/grape-to-glass.com\/index.php\/eisch-sensis-plus-stemware\/","title":{"rendered":"Eisch &#8216;SensisPlus&#8217; Stemware"},"content":{"rendered":"\n\t<p><font face=\"Arial\"><\/p>\nEISCH \u2018<strong>SENSIS<\/strong>Plus\u2019 wine glasses elevate the enjoyment of wine to a new level. I am confident you will enjoy the experience and be surprised by the effect on all wine. Wines poured in \u2018<strong>Sensis<\/strong>Plus\u2019 glasses become more harmonious, showcase their true character, with better balance and greater elegance. The following glasses are part of the Eisch \u2018SKY\u2019 Range. The &#8216;<strong>Sensis<\/strong>Plus&#8217; range are in my opinion &#8211; \u201c&#8230;<em>the most expressive wine glasses in the world<\/em>.\u201d\n\t\t\t\t<img loading=\"lazy\" decoding=\"async\" src=\"https:\/\/grape-to-glass.com\/wp-content\/uploads\/2023\/09\/Eisch-SKY-Aromatic-02.jpg\" alt=\"Eisch-SKY-Aromatic-02\" itemprop=\"image\" height=\"550\" width=\"212\" title=\"Eisch-SKY-Aromatic-02\"  \/>\n\t<h6>EISCH &#8211; Aromatic:<\/h6>\n<strong>Volume:\u00a0<\/strong>380ml<br \/>\n<strong>Recommended for:<br \/>\n<\/strong>Sauvignon Blanc, Riesling, Chenin Blanc, Pinot Grigio-Gris, Gew\u00fcrztraminer, Gr\u00fcner Veltliner, Unoaked Chardonnay &amp; Ros\u00e9\u00a0wines,\u00a0 <em>plus<\/em> Complex Champagne &#8211; <em>*(un-oaked wines)<\/em>.<br \/>\nHand-wash or you can even Machine-wash, though only use the rinse cycle.\n<p>\u2022 Serve Aromatic Wines at 8\u00b0- 9\u00b0C<\/p>\n*NZ$45 each &#8211;\u00a0(sold in 2-packs)<br \/>\n<\/em>*(Retail Prices will vary)\n\t\t\t\t<img loading=\"lazy\" decoding=\"async\" src=\"https:\/\/grape-to-glass.com\/wp-content\/uploads\/2023\/09\/Eisch-SKY-Burgundy-02.jpg\" alt=\"Eisch-SKY-Burgundy-02\" itemprop=\"image\" height=\"550\" width=\"212\" title=\"Eisch-SKY-Burgundy-02\"  \/>\n\t<h6>EISCH &#8211; Burgundy:<\/h6>\n<p><font face=\"Arial\"><\/p>\n<strong>Volume: <\/strong>710ml<br \/>\n<strong>Recommended for:<br \/>\n<\/strong>Quality Oak-aged and Barrel Fermented Chardonnay\u2019s. Along with Medium to Fuller-Style Pinot Noir wines.<br \/>\nHand-wash or you can even Machine-wash, though only use the rinse cycle.\n\u2022 Serve Oaked Chardonnay at 8\u00b0- 11\u00b0C<br \/>\n\u2022 Serve quality Pinot Noir at 15\u00b0- 17\u00b0C\n*NZ$50 each &#8211;\u00a0(sold in 2-packs)<br \/>\n<\/em>*(Retail Prices will vary)\n\t\t\t\t<img loading=\"lazy\" decoding=\"async\" src=\"https:\/\/grape-to-glass.com\/wp-content\/uploads\/2023\/09\/Eisch-SKY-Red-Wine-02.jpg\" alt=\"Eisch-SKY-Red-Wine-02\" itemprop=\"image\" height=\"550\" width=\"212\" title=\"Eisch-SKY-Red-Wine-02\"  \/>\n\t<h6>EISCH &#8211; Red Wine:<\/h6>\n<strong>Volume: <\/strong>490ml<br \/>\n<strong>Recommended for:<br \/>\n<\/strong>Beaujolais, lighter style Pinot Noir, Merlot, Malbec, Chianti (DOC &amp; G), Syrah, Crianza, Tempranillo, G.S.M. Blends <em>&amp;<\/em> <em>more.<\/em>..\nHand-wash or you can even Machine-wash, though only use the rinse cycle.\n<p>\u2022 Serve <em>\u2018Light &#8211; Medium\u2019<\/em>\u00a0Reds at 15\u00b0- 17\u00b0C<\/p>\n*NZ$50 each &#8211; (sold in 2-packs)<br \/>\n<\/em>*(Retail Prices will vary)\n\t\t\t\t<img loading=\"lazy\" decoding=\"async\" src=\"https:\/\/grape-to-glass.com\/wp-content\/uploads\/2023\/09\/Eisch-SKY-Bordeaux-02.jpg\" alt=\"Eisch-SKY-Bordeaux-02\" itemprop=\"image\" height=\"550\" width=\"212\" title=\"Eisch-SKY-Bordeaux-02\"  \/>\n\t<h6>EISCH &#8211; Bordeaux:<\/h6>\n<p><font face=\"Arial\"><\/p>\n<strong>Volume: <\/strong>620ml<br \/>\n<strong>Recommended for:<br \/>\n<\/strong>Ripe, rich Cabernet Sauvignon, Cabernet-Franc, Sagrantino, a generous Syrah &amp; Shiraz, Barolo, Brunello di Montalcino &#8211; <em>&#8216;strong tannins&#8217;<\/em>.\nHand-wash or you can even Machine-wash, though only use the rinse cycle.\n<p>\u2022 Serve <em>&#8216;Bold, Full-Bodied&#8217;<\/em>\u00a0Reds at 16\u00b0- 18\u00b0C<\/p>\n*NZ$50 each &#8211; (sold in 2-packs)<br \/>\n<\/em>*(Availability + Retail Prices can will vary)\n\t<p><font face=\"Arial\"><\/p>\nEisch glasses are as functional as they are beautiful, thanks to over 300 years of experience in glassmaking. Over the past 5 decades, wine glass development has predominantly focused on finding the ideal shape that brings out grape varietal characteristics.<br \/>\nThis has resulted in great success and has given wine enthusiasts a wide variety of glass shapes and sizes to enjoy fine wines. Though this approach didn&#8217;t always take into account different terroir, vintage variations, winemaking choices, youthful tannins, higher alcohol levels, and just bottled wines.<br \/>\nEveryday &#8211; the Eisch family and their talented team explore new and innovative techniques in working with glass for the benefit of wine enthusiasts. Their glass innovation that has changed the appreciation of all wine for the better, which was first revealed to the world back in 2004, is the Eisch \u2018<strong>Sensis<\/strong>Plus\u2019 wine glass.<br \/>\nWine poured into an Eisch \u2018<strong>Sensis<\/strong>Plus\u2019 wine glass becomes; smoother, rounded, more harmonious, more definition to its complexity, better integrated and more balanced in just a few minutes.Through a completely natural process, the original typicity, character and structure of the wine is preserved, while its aroma and flavours become more expressive and generous. <br \/>\nEisch <strong>ESSENCA <\/strong>wine glasses are as functional as they are beautiful. The Eisch \u2018<strong>Sensis<\/strong>Plus\u2019 affect is created by a special process (known only to the Eisch family and a select few) on the inside surface of the bowl. At the end of the production process, the \u2018lead-free\u2019 crystal wine glass undergoes a unique \u2018process\u2019 that has a noticeable affect, allowing the glass to reveal the hidden essence, along with showcasing a wine to its full potential.<br \/>\nThe process results in a kind \u2018volume control\u2019 like for your TV, or mobile music device, though on the inside surface of the bowl, which can influence the surface tension of a wine on the glass. Then with a swirling motion this fully engage the wine, releasing expressive aromatic compounds airborne, plus much more&#8230; The process is not a coating or a chemical treatment; so, the effect will not wash or wear off. <em>Making every sip a celebration for the senses. <\/em>\nMachine made in Germany, each glass is produced as a one piece glass. They are<em>\u00a0\u2018Lead-Free Crystal\u2019<\/em>\u00a0<font face=\"Arial\">with the <em>\u2018Pulled-Stem Technology\u2019<\/em> <font face=\"Arial\">for added strength. The process is not a coating or a chemical treatment; so the effect will not wash or wear off.<br \/>\n<font face=\"Arial\">This new technology allows your wine to breathe and open up its bouquet and hidden flavours more easily. The first public appearance of these wine glasses worldwide was in October 2004, a major tasting event led by Robert Parker at the Culinary Institute of America in Napa Valley for the 25th Anniversary Celebration of the Wine Advocate. At this event, the wines were tasted primarily from Eisch \u2018<strong>Sensis<\/strong>Plus\u2019 wine glasses.\n<p>With the Eisch \u2018<strong>Sensis<\/strong>Plus\u2019 wine glass you can dive even deeper into the world of flavours of wine &#8211; and also into each wines own story. From fruit driven and mineral notes to the spicy layers of oak and subtle vintage, vineyard nuances and winemaking choices will be shown. Each Eisch \u2018<strong>Sensis<\/strong>Plus\u2019 wine glass has a sticker on the wine glass as well as the Eisch \u2018<strong>SENSIS<\/strong>Plus\u2019 Logo\u2122 etched on the base for authenticity.<\/p>\nGet some friends together and a bottle of your favourite, Cabernet Sauvignon, Shiraz, even a young oaked Chardonnay or anything you can\u2019t wait to open. Select the respective \u2018<strong>Sensis<\/strong>Plus\u2019 glass for the wine style; and a standard shape and sized wine glass.\u00a0The \u2018<strong>Sensis<\/strong>Plus\u2019 wine glass elevates the enjoyment of wine to a new level.\u00a0I am confident you will taste the difference, and you will enjoy your wine more from the Eisch \u2018<strong>Sensis<\/strong>Plus\u2019 glass.\n<p><center><em>In my opinion &#8211; the Eisch \u2018<strong>Sensis<\/strong>Plus\u2019 wine glass is the most expressive wine glass in the world.<\/em><\/center> <\/p>\n\t\t\t\t<img loading=\"lazy\" decoding=\"async\" src=\"https:\/\/grape-to-glass.com\/wp-content\/uploads\/2023\/01\/Eisch-SENSISPLUS-Glass-Range-UNITY-05.jpg\" alt=\"Eisch-SENSISPLUS-Glass-Range-UNITY-05\" itemprop=\"image\" height=\"487\" width=\"1300\" title=\"Eisch-SENSISPLUS-Glass-Range-UNITY-05\"  \/>\n\t\t\t\t<img loading=\"lazy\" decoding=\"async\" src=\"https:\/\/grape-to-glass.com\/wp-content\/uploads\/2023\/01\/Eisch-SensisPlus-Sky-Image001-2.jpg\" alt=\"Eisch-SensisPlus-Sky-Image001-2\" itemprop=\"image\" height=\"471\" width=\"1300\" title=\"Eisch-SensisPlus-Sky-Image001-2\"  \/>\n\t\t\t\t<img loading=\"lazy\" decoding=\"async\" src=\"https:\/\/grape-to-glass.com\/wp-content\/uploads\/2023\/01\/Eisch-SensisPlus-Superior-Image01-01.jpg\" alt=\"Eisch-SensisPlus--Superior-Image01-01\" itemprop=\"image\" height=\"450\" width=\"1300\" title=\"Eisch-SensisPlus--Superior-Image01-01\"  \/>\n\t\t<h3>Eisch &#8216;2-Minute&#8217; Comparison Tasting<\/h3>\n\t\t\t<a href=\"https:\/\/grape-to-glass.com\/index.php\/wine-glass-insights\/\" target=\"_self\" role=\"button\">\n\t\t\t<\/a>\n","protected":false},"excerpt":{"rendered":"","protected":false},"author":1,"featured_media":785,"parent":0,"menu_order":0,"comment_status":"closed","ping_status":"closed","template":"","meta":{"footnotes":""},"class_list":["post-773","page","type-page","status-publish","has-post-thumbnail","hentry","entry"],"_links":{"self":[{"href":"https:\/\/grape-to-glass.com\/index.php\/wp-json\/wp\/v2\/pages\/773","targetHints":{"allow":["GET"]}}],"collection":[{"href":"https:\/\/grape-to-glass.com\/index.php\/wp-json\/wp\/v2\/pages"}],"about":[{"href":"https:\/\/grape-to-glass.com\/index.php\/wp-json\/wp\/v2\/types\/page"}],"author":[{"embeddable":true,"href":"https:\/\/grape-to-glass.com\/index.php\/wp-json\/wp\/v2\/users\/1"}],"replies":[{"embeddable":true,"href":"https:\/\/grape-to-glass.com\/index.php\/wp-json\/wp\/v2\/comments?post=773"}],"version-history":[{"count":70,"href":"https:\/\/grape-to-glass.com\/index.php\/wp-json\/wp\/v2\/pages\/773\/revisions"}],"predecessor-version":[{"id":12745,"href":"https:\/\/grape-to-glass.com\/index.php\/wp-json\/wp\/v2\/pages\/773\/revisions\/12745"}],"wp:featuredmedia":[{"embeddable":true,"href":"https:\/\/grape-to-glass.com\/index.php\/wp-json\/wp\/v2\/media\/785"}],"wp:attachment":[{"href":"https:\/\/grape-to-glass.com\/index.php\/wp-json\/wp\/v2\/media?parent=773"}],"curies":[{"name":"wp","href":"https:\/\/api.w.org\/{rel}","templated":true}]}}