{"id":5311,"date":"2020-01-16T14:30:00","date_gmt":"2020-01-16T01:30:00","guid":{"rendered":"https:\/\/grape-to-glass.com\/?page_id=5311"},"modified":"2022-04-09T17:28:52","modified_gmt":"2022-04-09T05:28:52","slug":"cookoothama-botrytis-semillon-16","status":"publish","type":"page","link":"https:\/\/grape-to-glass.com\/index.php\/cookoothama-botrytis-semillon-16\/","title":{"rendered":"&#8230;treat your taste-buds"},"content":{"rendered":"\n\t<h3>Cookoothama Botrytis Semillon 2016<\/h3>\n<strong>Grape Varietal:<\/strong> 100% Semillon <br \/>\n<strong>Growing Region:<\/strong> Darlington Point, Riverina &#8211; Australia\u00a0<br \/>\n<strong>Head Winemaker:<\/strong> Daren Owers<br \/>\n4 Stars \u2605\u2605\u2605\u2605\nThose of you that have even the slightest sweet tooth &#8211; I encourage you open and share a bottle of this &#8216;Cookoothama &#8216;Botrytis&#8217; Semillon&#8217; with someone special and enjoy it with your favourite homemade peach tart or cheesecake. Known by those who know good sweet wines &#8211; this is something slightly special and ever so delicious.<br \/>\nThe Semillon fruit for this unique dessert wine was sourced from their own Cookoothama Vineyard on the banks of the Murrumbidgee River at Darlington Point in Riverina. The hands on the label of the Cookoothama wines are a nod to the pioneers of the area. Cookoothama is the aboriginal word meaning \u2018fertile land\u2019 and has been the name of this property since the 1800s. This Riverina region is famous for its Botrytis, due to the ideal climate botrytis is naturally occurring and makes a fantastic Botrytis Semillon.<br \/>\n Daren and his team carefully monitor daily the botrytis in the vineyard to ensure the ideal \u2018super-ripe\u2019 conditions and flavour profile. As quickly as possible are harvest the bunches on arrival into the winery are chilled and then pressed off immediately. The juice then settles for 24 hours prior to racking and fermentation. The initial fermentation takes place in stainless steel tanks. They then transfer the wine to French oak barrels for partial barrel fermentation and around 8 months maturation prior to final blending and bottling. \n \u2022 A brilliant gold colour and shining hue will fill your glass. Enticing aromas of dried apricots, sweet peaches and marmalade with orange peel. The palate is luscious and showcasing those juicy rich apricot flavours, along with butterscotch and grilled pineapple all nicely balanced by the natural fruit acidity giving it an elegance and generously long finish. \n This 2016 Cookoothama \u2018Botrytis\u2019 Semillon has 11% Alc.\/vol. and 180g\/L of residual sugar. Chill gently and serve in an appropriately shaped wine glass at 7\u00b0- 9\u00b0C. \n<em> Treat your taste-buds and your dessert to something special. <\/em>\n<p> <\/p>\n\n CELLARING POTENTIAL: *(Review 16\/1\/2020) <br \/>\nDrinking perfectly well this season; and will age nicely over the next 7 &#8211; 8 years.<br \/>\n<br \/>\nFOOD PAIRING SUGGESTIONS:<br \/>\nPerfect wine pairing with fresh baked peach or apple tarts, cr\u00e8me br\u00fbl\u00e9e, homemade mango or passionfruit cheesecake &#038; dried fruits with blue cheese &#8211; <em>enjoy<\/em>.\n\t\t\t\t<img loading=\"lazy\" decoding=\"async\" src=\"https:\/\/grape-to-glass.com\/wp-content\/uploads\/2021\/08\/Cookoothama-Bot-Sem-16-Image-01.jpg\" alt=\"Cookoothama-Bot-Sem-16-Image-01\" itemprop=\"image\" height=\"450\" width=\"1000\" title=\"Cookoothama-Bot-Sem-16-Image-01\"  \/>\n\t\t\t\t<a href=\"https:\/\/grape-to-glass.com\/wp-content\/uploads\/2021\/08\/Cookoothama-Botrytis-Semillon-2016.pdf\" target=\"_blank\" rel=\"noopener\" itemprop=\"url\">\n\t\t\t\t<img loading=\"lazy\" decoding=\"async\" src=\"https:\/\/grape-to-glass.com\/wp-content\/uploads\/2021\/03\/PDF-Icon-03.jpg\" alt=\"PDF-Icon-03\" itemprop=\"image\" height=\"71\" width=\"280\" title=\"PDF-Icon-03\"  \/>\n\t\t\t\t<\/a>\n\t\t<h3>more wine reviews<\/h3>\n\t\t\t<a href=\"https:\/\/grape-to-glass.com\/index.php\/recent-wine-articles\/\" target=\"_self\" role=\"button\" rel=\"noopener\">\n\t\t\t<\/a>\n","protected":false},"excerpt":{"rendered":"","protected":false},"author":1,"featured_media":5297,"parent":0,"menu_order":0,"comment_status":"closed","ping_status":"closed","template":"","meta":{"footnotes":""},"class_list":["post-5311","page","type-page","status-publish","has-post-thumbnail","hentry","entry"],"_links":{"self":[{"href":"https:\/\/grape-to-glass.com\/index.php\/wp-json\/wp\/v2\/pages\/5311","targetHints":{"allow":["GET"]}}],"collection":[{"href":"https:\/\/grape-to-glass.com\/index.php\/wp-json\/wp\/v2\/pages"}],"about":[{"href":"https:\/\/grape-to-glass.com\/index.php\/wp-json\/wp\/v2\/types\/page"}],"author":[{"embeddable":true,"href":"https:\/\/grape-to-glass.com\/index.php\/wp-json\/wp\/v2\/users\/1"}],"replies":[{"embeddable":true,"href":"https:\/\/grape-to-glass.com\/index.php\/wp-json\/wp\/v2\/comments?post=5311"}],"version-history":[{"count":3,"href":"https:\/\/grape-to-glass.com\/index.php\/wp-json\/wp\/v2\/pages\/5311\/revisions"}],"predecessor-version":[{"id":5314,"href":"https:\/\/grape-to-glass.com\/index.php\/wp-json\/wp\/v2\/pages\/5311\/revisions\/5314"}],"wp:featuredmedia":[{"embeddable":true,"href":"https:\/\/grape-to-glass.com\/index.php\/wp-json\/wp\/v2\/media\/5297"}],"wp:attachment":[{"href":"https:\/\/grape-to-glass.com\/index.php\/wp-json\/wp\/v2\/media?parent=5311"}],"curies":[{"name":"wp","href":"https:\/\/api.w.org\/{rel}","templated":true}]}}