{"id":4243,"date":"2020-11-12T11:00:00","date_gmt":"2020-11-11T22:00:00","guid":{"rendered":"https:\/\/grape-to-glass.com\/?page_id=4243"},"modified":"2025-11-09T16:44:48","modified_gmt":"2025-11-09T03:44:48","slug":"allan-scott-lh-riesling-15","status":"publish","type":"page","link":"https:\/\/grape-to-glass.com\/index.php\/allan-scott-lh-riesling-15\/","title":{"rendered":"Luscious &#8216;Late Harvest&#8217; Riesling"},"content":{"rendered":"\n\t<h3>Allan Scott \u2018Late Harvest\u2019 Riesling 2015<\/h3>\n<strong>Grape Varietal:<\/strong> 100% Riesling<br \/>\n<strong>Growing Region:<\/strong> Marlborough &#8211; New Zealand<br \/>\n<strong>Founder \/ Director:<\/strong> Allan Scott <br \/>\n<strong>Senior Winemaker:<\/strong> Bruce Abbott  <br \/>\n4 Stars \u2605\u2605\u2605\u2605\nOver a number of years, I have worked behind the scenes as a consulting winemaker with Allan and the team on making a number of different wines for domestic and international markets. And in 2015 I was at the winery with all the tank and barrel samples. Looking at the parcels with a winemaker\u2019s eye and also from the engagement of the customer, at each of the final blends we made. So, I am in a unique position to provide and share a 360\u00b0 perspective.<br \/>\nThis is an interesting \u2018Late Harvest\u2019 style sweet wine with a touch of botrytis thrown in for an added note of intensity. There is no hiding from the wines engaging character, once it hits your taste buds &#8211; as it is an overtly sweet, dessert style. The wine is produced by leaving the grapes on the vine well after the main harvest period had finished &#8211; so as to \u2018concentrate\u2019 the fruit flavours within each berry by withdrawing a portion of water back into the vine &#8211; along with added assistance of the botrytis drawing water out from each berry while resting on the skin.<br \/>\nThe fruit was sourced from their \u2018Moorlands\u2019 vineyard and in May all the staff were rounded up and asked to carefully hand-pick only the moldiest, ugliest looking grapes used to create this luscious, sweet wine.<br \/>\nHiding in these moldy grapes, was what can only be described as liquid gold. The unorthodox approach of allowing for 3 days of slow pressing of these shriveled, slight raisined grapes resulted in approximately 500L of liquid gold. The juice was lightly filtered to remove any remaining botrytis, and then fermented slowly for approximately 3 months before the yeast finally gave up, admitting defeat (beaten by the high level of natural sugar in the juice) &#8211; the wine was then aged for 6 months in neutral oak barrels &#8211; before being filtered to make sure the wine was in ideal condition for bottling.\n \u2022 In your glass you will be greeted by honey gold colour with a sweet smile around the edge. The botrytis adds its own depth of character to the already generous wine. The aromatics turn nicely into intense flavours of grilled apricots, honeycomb and ripe peaches. The palate is lush, engagingly sweet and simply delicious. Showcasing grilled peaches, sweet honeysuckle and raisins mixed with fresh maple syrup and a fine seam of cinnamon sugar. The palate is beautifully balanced with a wonderful depth of lusciousness. As all of these sweet flavours completely coat your mouth but finishes clean due to a natural core of varietal acidity that lingers with a good amount of lift on the finish. \nThis 2015 Allan Scott \u2018Late Harvest\u2019 Riesling has 9.5% Alc.\/vol. With 192g\/L of residual sugar. Chill gently and serve in an appropriate sweet wine glass at 8\u00b0- 10\u00b0C.\n <em>A \u2018late harvest\u2019 Riesling with a wonderful depth of lusciousness. <\/em>\n<p> <\/p>\n\nCELLARING POTENTIAL: *(Review 12\/11\/20) <br \/>\nDrinking perfectly well this season; plus, should age well for another 7 &#8211; 8 years.<br \/>\n<br \/>\nFOOD PAIRING SUGGESTIONS:<br \/>\nPerfect wine pairing with classic cr\u00e8me br\u00fbl\u00e9e, baked apple tart with vanilla cream, passion-fruit cheesecake, figs &#038; blue cheese, pavlova &#038; strawberries, even poured over Hokey-Pokey ice-cream &#8211; <em>enjoy <\/em>\n\t\t\t\t<img loading=\"lazy\" decoding=\"async\" src=\"https:\/\/grape-to-glass.com\/wp-content\/uploads\/2021\/03\/Allan-Scott-LH-Riesling-15-Image-01.jpg\" alt=\"Allan-Scott-LH-Riesling-15-Image-01\" itemprop=\"image\" height=\"450\" width=\"1000\" title=\"Allan-Scott-LH-Riesling-15-Image-01\"  \/>\n\t\t\t\t<a href=\"https:\/\/grape-to-glass.com\/wp-content\/uploads\/2021\/03\/Allan-Scott-LH-Riesling-2015.pdf\" target=\"_blank\" rel=\"noopener\"  itemprop=\"url\">\n\t\t\t\t<img loading=\"lazy\" decoding=\"async\" src=\"https:\/\/grape-to-glass.com\/wp-content\/uploads\/2021\/03\/PDF-Icon-03.jpg\" alt=\"PDF-Icon-03\" itemprop=\"image\" height=\"71\" width=\"280\" title=\"PDF-Icon-03\"  \/>\n\t\t\t\t<\/a>\n\t\t<h3>more wine reviews<\/h3>\n\t\t\t<a href=\"https:\/\/grape-to-glass.com\/index.php\/recent-wine-articles\/\" target=\"_self\" role=\"button\">\n\t\t\t<\/a>\n","protected":false},"excerpt":{"rendered":"","protected":false},"author":1,"featured_media":4240,"parent":0,"menu_order":0,"comment_status":"closed","ping_status":"closed","template":"","meta":{"footnotes":""},"class_list":["post-4243","page","type-page","status-publish","has-post-thumbnail","hentry","entry"],"_links":{"self":[{"href":"https:\/\/grape-to-glass.com\/index.php\/wp-json\/wp\/v2\/pages\/4243","targetHints":{"allow":["GET"]}}],"collection":[{"href":"https:\/\/grape-to-glass.com\/index.php\/wp-json\/wp\/v2\/pages"}],"about":[{"href":"https:\/\/grape-to-glass.com\/index.php\/wp-json\/wp\/v2\/types\/page"}],"author":[{"embeddable":true,"href":"https:\/\/grape-to-glass.com\/index.php\/wp-json\/wp\/v2\/users\/1"}],"replies":[{"embeddable":true,"href":"https:\/\/grape-to-glass.com\/index.php\/wp-json\/wp\/v2\/comments?post=4243"}],"version-history":[{"count":10,"href":"https:\/\/grape-to-glass.com\/index.php\/wp-json\/wp\/v2\/pages\/4243\/revisions"}],"predecessor-version":[{"id":13173,"href":"https:\/\/grape-to-glass.com\/index.php\/wp-json\/wp\/v2\/pages\/4243\/revisions\/13173"}],"wp:featuredmedia":[{"embeddable":true,"href":"https:\/\/grape-to-glass.com\/index.php\/wp-json\/wp\/v2\/media\/4240"}],"wp:attachment":[{"href":"https:\/\/grape-to-glass.com\/index.php\/wp-json\/wp\/v2\/media?parent=4243"}],"curies":[{"name":"wp","href":"https:\/\/api.w.org\/{rel}","templated":true}]}}