{"id":2952,"date":"2018-02-09T11:00:49","date_gmt":"2018-02-08T22:00:49","guid":{"rendered":"https:\/\/grape-to-glass.com\/?page_id=2952"},"modified":"2022-04-03T11:30:29","modified_gmt":"2022-04-02T23:30:29","slug":"wine-bottle-sizes","status":"publish","type":"page","link":"https:\/\/grape-to-glass.com\/index.php\/wine-bottle-sizes\/","title":{"rendered":"Wine Bottle Sizes"},"content":{"rendered":"\n\t<h3 align=\" justify\"><strong>Wine Bottle Sizes:<\/strong>\u00a0<\/h3>\nOver the centuries &#8211; because there was little uniformity in the size and shape of wine bottles, people purchasing wine often did not know how much (from different suppliers) they were getting. At one point in the Roman Empire, people would bring their own flask \/ amphora and just pay for a set volume measured and then poured into their container \/ bottle.<br \/>\nAs the Romans advanced their techniques, they eventually discovered that the easy-to-blow onion-shape bottles they typically created, were not ideal for storing wine on its side &#8211; which helped it age and keep wet the (rags used as stoppers) or cork.<br \/>\nSo they began to make longer, narrow-rounded bottles that were easier to carry and contained a more standard amount, between 0.70 litres and 0.80 litres.<br \/>\nThis also helped standardize the amount of wine people purchased, though it wasn&#8217;t until the 1800&#8217;s that glass blowers perfected this. In 1979 both the United States and the European Union set standards that wine bottles hold exactly 0.75 litres.<br \/>\nAs well as the traditional (in many cases, legally required) 750ml bottle (the standard size on retail shelves &#038; most wine-lists) along with the half-bottle (containing 375ml), &#8211; and becoming slightly more frequent the 1500ml Magnum size &#8211; there are a number of legally permitted (large format) bottles. Many of the larger bottles are named after *biblical kings.\nHere are some examples of wine bottle sizes:<br \/>\n\u2022 Jeroboam &#8211; There are two sizes of Jeroboams: the &#8216;sparkling&#8217; wine Jeroboam holds 4 x bottles, or 3 litres: and the &#8216;still&#8217; wine Jeroboam which holds 6 x bottles or 4.5 litres.<br \/>\n\u2022 Rehoboam &#8211; *Champagne only (4.5 litres)  = 6 x bottles.<br \/>\n\u2022 Imperial  &#8211; (6 Litres) = 8 x bottles.<br \/>\n\u2022 Methuselah  &#8211; The same size as an &#8216;Imperial&#8217; bottle (6 litres) &#8211; usually used for Champagne \/ sparkling wines.<br \/>\n\u2022 Salmanazar &#8211; (9 Litres) = 12 x bottles.<br \/>\n\u2022 Balthazar &#8211; (12 Litres) = 16 x bottles.<br \/>\n\u2022 Nebuchadnezzar &#8211; (15 Litres) = 20 x bottles.<br \/>\n\u2022 Melchior &#8211; (18 Litres) = 24 x bottles.<br \/>\n\u2022 Solomon &#8211; (20 Litres) = 28 x bottles.<br \/>\n\u2022 Melchizedek &#8211; (30 Litres) = 40 x bottles. &#8211; *(The Drappier family make a Champagne this size)\nThe only other commonly encountered size is the 500ml bottle, used for some Ports designed for drinking young, Tokaji (Tokay or Tokaj), the famous sweet wine of Hungary, and in France&#8217;s Beaujolais wine region a 500ml bottle (which they call a pot) has long been used.\n\t\t\t\t<img loading=\"lazy\" decoding=\"async\" src=\"https:\/\/grape-to-glass.com\/wp-content\/uploads\/2020\/11\/Bottle-Sizes-Image-01.jpg\" alt=\"Bottle-Sizes-Image-01\" itemprop=\"image\" height=\"452\" width=\"1020\" title=\"Bottle-Sizes-Image-01\"  \/>\n\t<h3 align=\" justify\"><strong>Wine Bottle Shapes:<\/strong>\u00a0<\/h3>\nBottle shape knowledge can give you a small clue as to what the wine contents might be, even without reading the label. Most people are familiar with the typical Champagne shape bottle, but many other wine regions also have a history, tradition or preference for a particular bottle shape &#8211; *(and also colour).<br \/>\n<br \/>\n\u25cf Bordeaux:  Straight sides and tall shoulders, with dark green glass for the red wines of the region (e.g. Cabernet Sauvignon), lighter green for the dry white wines *(e.g. Sauvignon Blanc) and for the sweet\/dessert white wines clear glass *(though in a 375ml volume). This bottle shape is widely used in the New World by winemakers bottling Bordeaux varietals, but it is also now widely used in Italy, Spain and many other wine countries.<br \/>\n<br \/>\n\u25cf Burgundy:  Gently sloping shoulders suggests a wine from Burgundy, with both red and white wines in similar green glass. These are sturdy, heavy bottles, with a slightly fatter girth than other wine bottles. This shape is also widely used throughout the New World for Chardonnay and Pinot Noir.<br \/>\n<br \/>\n\u25cf Rh\u00f4ne:  Similar in style to the Burgundy, but not so fat. In addition, some may bear a coat of arms on the neck, particularly Ch\u00e2teauneuf-du-Pape. The traditional C\u00f4tes du Rh\u00f4ne bottle is similar in shape, but with more angular sloping shoulders. New World Syrah \/ Shiraz *(plus G.S.M. blends) may use a similar bottle.<br \/>\n<br \/>\n\u25cf Champagne:  This bottle design is born out of necessity as much as style. The gently sloping shoulders and a deep punt and most importantly the thick glass is necessary &#8211; as the pressure inside the bottle is 80 &#8211; 90psi (5-6 atm) &#8211; two to three times the pressure inside an average car tire. And the colour can very between a dark green or brown &#8211; again to protect the wine from light while ageing.<br \/>\n<br \/>\n\u25cf Alsace:  A slender bottle, narrower than other styles, also taller, with a very gentle slope to the shoulders. Green glass suggests either the Alsace in France or the Mosel in Germany &#8211; as brown glass is traditional for some wines in the Rhine-Rheingau region. The wine contained may still be of a wide variety of styles, ranging from dry and off-dry, through to lusciously sweet dessert wines.<br \/>\n<br \/>\n\u25cf Fortified wines:  Many fortified wines, such as Port, Madeira, Marsala and Sherry, are placed into dark glass to protect from the light while ageing &#8211; plus transported around the globe in quite sturdy bottles. The aged &#038; vintage Port bottles may have quite a bulge in the neck, supposedly to help capture the sediment as the aged wine is decanted &#8211; plus it allows you somewhere to rest the hot Port-Tongs when you are removing fragile 30+ year old corks.\n\t\t\t\t<img loading=\"lazy\" decoding=\"async\" src=\"https:\/\/grape-to-glass.com\/wp-content\/uploads\/2020\/11\/Bottle-Shapes-Image-01.jpg\" alt=\"Bottle-Shapes-Image-01\" itemprop=\"image\" height=\"482\" width=\"1020\" title=\"Bottle-Shapes-Image-01\"  \/>\n<h3>\n\t\tmore articles\n\t<\/h3>\n\t\t\t<a href=\"https:\/\/grape-to-glass.com\/index.php\/recent-wine-articles\/\" target=\"_self\" role=\"button\" rel=\"noopener\">\n\t\t\t<\/a>\n","protected":false},"excerpt":{"rendered":"","protected":false},"author":1,"featured_media":2959,"parent":0,"menu_order":0,"comment_status":"closed","ping_status":"closed","template":"","meta":{"footnotes":""},"class_list":["post-2952","page","type-page","status-publish","has-post-thumbnail","hentry","entry"],"_links":{"self":[{"href":"https:\/\/grape-to-glass.com\/index.php\/wp-json\/wp\/v2\/pages\/2952","targetHints":{"allow":["GET"]}}],"collection":[{"href":"https:\/\/grape-to-glass.com\/index.php\/wp-json\/wp\/v2\/pages"}],"about":[{"href":"https:\/\/grape-to-glass.com\/index.php\/wp-json\/wp\/v2\/types\/page"}],"author":[{"embeddable":true,"href":"https:\/\/grape-to-glass.com\/index.php\/wp-json\/wp\/v2\/users\/1"}],"replies":[{"embeddable":true,"href":"https:\/\/grape-to-glass.com\/index.php\/wp-json\/wp\/v2\/comments?post=2952"}],"version-history":[{"count":10,"href":"https:\/\/grape-to-glass.com\/index.php\/wp-json\/wp\/v2\/pages\/2952\/revisions"}],"predecessor-version":[{"id":7178,"href":"https:\/\/grape-to-glass.com\/index.php\/wp-json\/wp\/v2\/pages\/2952\/revisions\/7178"}],"wp:featuredmedia":[{"embeddable":true,"href":"https:\/\/grape-to-glass.com\/index.php\/wp-json\/wp\/v2\/media\/2959"}],"wp:attachment":[{"href":"https:\/\/grape-to-glass.com\/index.php\/wp-json\/wp\/v2\/media?parent=2952"}],"curies":[{"name":"wp","href":"https:\/\/api.w.org\/{rel}","templated":true}]}}