{"id":2015,"date":"2019-09-12T08:00:00","date_gmt":"2019-09-11T20:00:00","guid":{"rendered":"https:\/\/grape-to-glass.com\/?page_id=2015"},"modified":"2022-09-29T22:58:38","modified_gmt":"2022-09-29T09:58:38","slug":"valdespino-inocente-fino-sherry","status":"publish","type":"page","link":"https:\/\/grape-to-glass.com\/index.php\/valdespino-inocente-fino-sherry\/","title":{"rendered":"Valdespino \u2018Inocente\u2019 Fino Dry Sherry"},"content":{"rendered":"\n\t<h3>Valdespino \u2018Inocente\u2019 Fino Dry Sherry<\/h3>\n<strong>Grape Varietal:<\/strong> 100% Palomino<br \/>\n<strong>Growing Region:<\/strong> D.O. J\u00e9rez &#8211; Spain\u00a0<br \/>\n<strong>Chief Winemaker:<\/strong> Eduardo Ojeda<br \/>\n5 Stars \u2605\u2605\u2605\u2605\u2605\nI have had the pleasure of spending quality time in J\u00e9rez &#8211; Spain and visiting with the team at Valdespino. Which is one of the oldest bodegas in J\u00e9rez, originating in 1264, when King Alfonso X gave Don Alfonso Valdespino a gift of land in the city of J\u00e9rez. He was one of 24 Christian Knights who fought to regain the city from the Moors. The stables and cellars at the winery, along with commercial activities are thought to date as far back as 1430.<br \/>\nThe Valdespino family have been involved in the Sherry trade since 1430, making Valdespino the oldest sherry Bodegas. In 1883, Valdespino became a purveyor of Sherry to the Royal House of Spain and since 1932 to the Royal House of Sweden, a testament to the quality of Valdespino. Jose Estevez also from Jerez, purchased the Valdespino Sherry Bodega in September 1999 &#8211; in the same year inviting Eduardo to head the team.<br \/>\nThus keeping it in family hands and ensuring that the quality and tradition are maintained. Valdespino Inocente is the only Fino Sherry today that is still barrel-fermented with indigenous yeasts, giving it unmatched richness and nuance. Another reason why this style is the most respected of all Fino Sherry &#8211; the age and complexity of the Inocente solera: ten criaderas rather than the more typical two or three. And the overall age of Inocente at bottling is ten years, an exceptionally long time under \u2018flor\u2019 for a Fino.<br \/>\nEduardo believes that the soul of a Sherry comes from the memory of its barrels. So, to preserve the identity of the great Valdespino soleras, he had a team of ten coopers, working for three years, to restore the irreplaceable old barrels when he joined the estate.<br \/>\nThis Fino sherry is unique as it is produced from grapes sourced from one vineyard located in the renowned Macharnudo area of Jerez. The Macharnudo vines grow on high altitude slopes of pure Albariza chalk giving the Inocente solera its intensely mineral signature.<br \/>\nThe Valdespino Fino Inocente is the only sherry wine whose grapes are harvested form only one vineyard, the Macharnudo Estate. It is fermented in oak barrels produced in the traditional way using the Solera and Criadera system, and is the only Fino Sherry fermented in American oak. It is then matured under a veil of \u2018flor\u2019 for over eight years. \n \u2022 In your glass you will be greeted by a pale golden colour. This Fino has a lifted, sharp nose with almond notes and a hint of &#8216;flor&#8217;. On the palate this Fino Inocente has a truly superb and delicious dry, delicate fresh flavours. There is a fine chalkiness, which also manages a refined elegance, woven with notes of almonds, olives and a buttery richness from autolysis (the long aging on its own yeast lees). Valdespino\u2019s Fino Inocente continues to provide all the yeastiness and minerality that has made it Jerez\u2019s most revered Fino for generations. The palate is light and engaging, with a clean freshness leaving a pleasant persistence on the finish. Once opened, store in a cool dark place and enjoy within 4 &#8211; 6 weeks. \n This Valdespino \u2018Inocente\u2019 Fino Sherry has 15% Alc.\/vol. Dry style. Gently chill and serve in an aromatic shaped wine glass at 8\u00b0- 9\u00b0C.\n <em>Valdespino &#8216;Inocente&#8217; delivers the ultimate Fino experience.<\/em>\n<p> <\/p>\n\nCELLARING POTENTIAL:<br \/>\nDrinking perfectly well any season; plus can age well for another 3 &#8211; 4 years.<br \/>\n<br \/>\nFOOD PAIRING SUGGESTIONS:<br \/>\nPerfect wine as an aperitif and to accompany all kinds of light, fresh tapas and olives, seafood dishes, calamari, sardines, fish and vegetable soups &#8211; <em>enjoy<\/em>.\n\t\t\t\t<img loading=\"lazy\" decoding=\"async\" src=\"https:\/\/grape-to-glass.com\/wp-content\/uploads\/2020\/07\/Valdespino-Image-01.jpg\" alt=\"Valdespino-Image-01\" itemprop=\"image\" height=\"450\" width=\"1000\" title=\"Valdespino-Image-01\"  \/>\n\t\t\t\t<a href=\"https:\/\/grape-to-glass.com\/wp-content\/uploads\/2020\/07\/Valdespino-Inocente-Sherry.pdf\" target=\"_blank\" rel=\"noopener\" itemprop=\"url\">\n\t\t\t\t<img loading=\"lazy\" decoding=\"async\" src=\"https:\/\/grape-to-glass.com\/wp-content\/uploads\/2021\/03\/PDF-Icon-03.jpg\" alt=\"PDF-Icon-03\" itemprop=\"image\" height=\"71\" width=\"280\" title=\"PDF-Icon-03\"  \/>\n\t\t\t\t<\/a>\n\t\t<h3>more wine reviews<\/h3>\n\t\t\t<a href=\"https:\/\/grape-to-glass.com\/index.php\/recent-wine-articles\/\" target=\"_self\" role=\"button\" rel=\"noopener\">\n\t\t\t<\/a>\n","protected":false},"excerpt":{"rendered":"","protected":false},"author":1,"featured_media":2013,"parent":0,"menu_order":0,"comment_status":"closed","ping_status":"closed","template":"","meta":{"footnotes":""},"class_list":["post-2015","page","type-page","status-publish","has-post-thumbnail","hentry","entry"],"_links":{"self":[{"href":"https:\/\/grape-to-glass.com\/index.php\/wp-json\/wp\/v2\/pages\/2015","targetHints":{"allow":["GET"]}}],"collection":[{"href":"https:\/\/grape-to-glass.com\/index.php\/wp-json\/wp\/v2\/pages"}],"about":[{"href":"https:\/\/grape-to-glass.com\/index.php\/wp-json\/wp\/v2\/types\/page"}],"author":[{"embeddable":true,"href":"https:\/\/grape-to-glass.com\/index.php\/wp-json\/wp\/v2\/users\/1"}],"replies":[{"embeddable":true,"href":"https:\/\/grape-to-glass.com\/index.php\/wp-json\/wp\/v2\/comments?post=2015"}],"version-history":[{"count":7,"href":"https:\/\/grape-to-glass.com\/index.php\/wp-json\/wp\/v2\/pages\/2015\/revisions"}],"predecessor-version":[{"id":7986,"href":"https:\/\/grape-to-glass.com\/index.php\/wp-json\/wp\/v2\/pages\/2015\/revisions\/7986"}],"wp:featuredmedia":[{"embeddable":true,"href":"https:\/\/grape-to-glass.com\/index.php\/wp-json\/wp\/v2\/media\/2013"}],"wp:attachment":[{"href":"https:\/\/grape-to-glass.com\/index.php\/wp-json\/wp\/v2\/media?parent=2015"}],"curies":[{"name":"wp","href":"https:\/\/api.w.org\/{rel}","templated":true}]}}