{"id":13129,"date":"2025-10-25T14:40:00","date_gmt":"2025-10-25T01:40:00","guid":{"rendered":"https:\/\/grape-to-glass.com\/?page_id=13129"},"modified":"2025-10-28T09:18:13","modified_gmt":"2025-10-27T20:18:13","slug":"no-1-family-estate-reine-nv","status":"publish","type":"page","link":"https:\/\/grape-to-glass.com\/index.php\/no-1-family-estate-reine-nv\/","title":{"rendered":"gracious heart"},"content":{"rendered":"\n\t<h3>No.1 \u2018Reine\u2019 Cuv\u00e9e Reserve NV<\/h3>\n<strong>Grape Varietals:<\/strong> 50% Chardonnay, 43% Pinot Noir &#038; 7% Pinot Meunier <br \/>\n<strong>Growing Region:<\/strong> Marlborough &#8211; New Zealand <br \/>\n<strong>Owner \/ Chef de Cave: <\/strong>Daniel Le Brun, No.1 Family Estate\n\t\t\t\t<img loading=\"lazy\" decoding=\"async\" src=\"https:\/\/grape-to-glass.com\/wp-content\/uploads\/2024\/07\/Gavin-Wine-Review-5-Star-24-Sml-01.png\" alt=\"Gavin-Wine-Review-5-Star-24-Sml-01\" itemprop=\"image\" height=\"200\" width=\"200\" title=\"Gavin-Wine-Review-5-Star-24-Sml-01\"  \/>\n\tI first met Daniel in 1991 and even then, his passion was clear, an incredible attention to detail and quality, not yet fully appreciated by the market at the time. Wow, what a journey, and a wonderful sensory treat and experience for all wine lovers. Daniel comes from 12 generations of Champagne vignerons. The first record of a Le Brun planting vines in the region of Champagne was in 1684. The date 1791 is carved into the historic family grape press, the year the Le Brun family first started producing wine in Champagne. Today, Daniel crafts his character filled wines in Marlborough, in the traditional method of his homeland.<br \/>\nThe No.1 Reine Cuv\u00e9e Reserve is a tribute to the family&#8217;s Mother (or in French M\u00e9m\u00e8re), Reine Vautrelle Le Brun. It is a diligent blend of Chardonnay, Pinot Noir and Meunier. Extended ageing and minimal dosage has created a sophisticated \u2018Extra Brut\u2019 Reserve NV. The fruit for the Reine Cuv\u00e9e was predominantly from the 2019 season. With very little intervention, the Cuv\u00e9e Reine patiently waited on lees for at least 4 years, resulting in a beautifully balanced and complex wine. It was first disgorged in August 2023 and will continue through with the resting cuv\u00e9e and its ongoing development. \n<strong>\u2605 <\/strong>The extended lees ageing has created a captivating m\u00e9thode that is luxurious but with a retained finesse. Complex characters abound, with homemade shortbread, marmalade crumpets, with a note of brioche, alongside grilled white peaches and ripe apricots. The engaging palate is beautifully balanced, with a persistent mousse and gracious heart of natural fruit acidity resulting in a seamless elegance and leaving the taste-buds wanting more.\nThis No.1 \u2018Reine\u2019 Cuv\u00e9e Reserve NV has 12.5% Alc.\/vol. An \u2018Extra Brut\u2019 Style &#8211; with a dosage of 2.8g\/L. Chill gently and serve in a voluptuous flute or aromatic shaped wine glass at 8\u00ba- 9\u00baC \u2022 *NZ$67.00\n <em>A charming and gracious Extra Brut with a stylish engagement.<\/em>\n<p> <\/p>\n\nCELLARING POTENTIAL:  *(Review 25\/10\/25) <br \/>\nDrinking perfectly this season; plus, it will hold nicely for another 3 &#8211; 4 years.<br \/>\n<br \/>\nPAIRING SUGGESTIONS:<br \/>\n Perfect wine pairing with crayfish w\/ lemon mayonnaise, light-tempura calamari, crab &#038; prawn fettuccini, panko crumbed fish, pumpkin gnocchi, a classic ni\u00e7oise salad, or a thin slice of a biscuit-base lemon meringue &#8211; <em>enjoy<\/em>.\nAlways Share Responsibly\n<p> <\/p>\n\t\t\t\t<img loading=\"lazy\" decoding=\"async\" src=\"https:\/\/grape-to-glass.com\/wp-content\/uploads\/2025\/10\/Reine-Bottom-Banner-Oct-25-01.jpg\" alt=\"Reine-Bottom-Banner-Oct-25-01\" itemprop=\"image\" height=\"590\" width=\"1700\" title=\"Reine-Bottom-Banner-Oct-25-01\"  \/>\n\t\t\t\t<a href=\"https:\/\/grape-to-glass.com\/wp-content\/uploads\/2025\/10\/Essenca-Glass-Reine-NV.jpg\" target=\"_blank\" rel=\"noopener\"  itemprop=\"url\">\n\t\t\t\t<img loading=\"lazy\" decoding=\"async\" src=\"https:\/\/grape-to-glass.com\/wp-content\/uploads\/2025\/05\/Stemware-Icon-03.png\" alt=\"Stemware-Icon-03\" itemprop=\"image\" height=\"101\" width=\"275\" title=\"Stemware-Icon-03\"  \/>\n\t\t\t\t<\/a>\n\t<h3><center> 40 YEARS EXPERIENCE \u2022 WINE &#038; STEMWARE EXPERT <\/h3>\n\t\t<h3>more wine reviews<\/h3>\n\t\t\t<a href=\"https:\/\/grape-to-glass.com\/index.php\/recent-wine-articles\/\" target=\"_self\" role=\"button\">\n\t\t\t<\/a>\n","protected":false},"excerpt":{"rendered":"","protected":false},"author":1,"featured_media":9887,"parent":0,"menu_order":0,"comment_status":"closed","ping_status":"closed","template":"","meta":{"footnotes":""},"class_list":["post-13129","page","type-page","status-publish","has-post-thumbnail","hentry","entry"],"_links":{"self":[{"href":"https:\/\/grape-to-glass.com\/index.php\/wp-json\/wp\/v2\/pages\/13129","targetHints":{"allow":["GET"]}}],"collection":[{"href":"https:\/\/grape-to-glass.com\/index.php\/wp-json\/wp\/v2\/pages"}],"about":[{"href":"https:\/\/grape-to-glass.com\/index.php\/wp-json\/wp\/v2\/types\/page"}],"author":[{"embeddable":true,"href":"https:\/\/grape-to-glass.com\/index.php\/wp-json\/wp\/v2\/users\/1"}],"replies":[{"embeddable":true,"href":"https:\/\/grape-to-glass.com\/index.php\/wp-json\/wp\/v2\/comments?post=13129"}],"version-history":[{"count":6,"href":"https:\/\/grape-to-glass.com\/index.php\/wp-json\/wp\/v2\/pages\/13129\/revisions"}],"predecessor-version":[{"id":13136,"href":"https:\/\/grape-to-glass.com\/index.php\/wp-json\/wp\/v2\/pages\/13129\/revisions\/13136"}],"wp:featuredmedia":[{"embeddable":true,"href":"https:\/\/grape-to-glass.com\/index.php\/wp-json\/wp\/v2\/media\/9887"}],"wp:attachment":[{"href":"https:\/\/grape-to-glass.com\/index.php\/wp-json\/wp\/v2\/media?parent=13129"}],"curies":[{"name":"wp","href":"https:\/\/api.w.org\/{rel}","templated":true}]}}